 + 18, 2*t = 6. Let u(v) = -v**2 - v + 2. Give u(c).
2
Let l(j) be the third derivative of j**6/60 + j**5/30 - j**4/12 - 2*j**2. Suppose -k = -4*k - 6. Determine l(k).
-4
Let f = 8 - 7. Suppose -z + 1 = -f. Let g(r) = r**3 - r**2 - 1. Calculate g(z).
3
Suppose 5*c - 25 = 0, -3*g - 5*c + 13 = -6. Let q be 4/6 + g/3. Let a(u) = 20*u**2 + 18. Let l(k) = 7*k**2 + 6. Let d(o) = -6*a(o) + 17*l(o). Calculate d(q).
-6
Let k(g) = 4 - g**2 - 6 + 0 + 4 + g. What is k(-3)?
-10
Let r(l) be the second derivative of -l**4/12 - 7*l**3/6 - l**2/2 - 10*l. Determine r(-5).
9
Let r(d) = 5*d + 7. Let c(a) = 6*a + 8. Let f(t) = 6*c(t) - 7*r(t). Determine f(-3).
-4
Let y(d) = -d**3 - 3*d**2 + 3*d + 1. Let n be y(-3). Let s = n - -6. Let f(p) be the first derivative of 5*p**2/2 + 3*p - 1. What is f(s)?
-7
Let t(y) = -5*y - 10 - y**3 - 9*y**2 - 4*y + 0*y**3. Give t(-8).
-2
Suppose 5*a - 5*f - 5 = 0, 2*a - 4*f - 4 = 4. Let c(l) be the first derivative of -1 + 1/3*l**3 + 3*l + 2*l**2. Give c(a).
-1
Let u(l) be the first derivative of -l**2/2 + 4*l + 5. Let v = 3 + 0. Give u(v).
1
Let i(g) = -g**3 - g**2 + 1. Let t(l) = 5*l**3 - 9*l**2 + 11*l + 9. Let k(j) = -4*i(j) - t(j). Determine k(12).
-1
Let k(v) be the second derivative of -v**3/6 - v**2 + 4*v. Suppose 6*m - 2*m + 20 = 0, 3*c + 5*m = -34. What is k(c)?
1
Let n(y) = -y**2 + 5*y + 7. Let c be n(6). Suppose 3 - c = -w. Let d(j) = j**2 + 6*j - 5. Let s(f) = -f + 1. Let q(k) = d(k) + 6*s(k). Calculate q(w).
5
Let d(n) = 2 + 9*n**2 + 5 - 12*n**2 - 6 - n**3. Give d(-4).
17
Let x(r) = 1 + r + 10 - 3*r - 2. Determine x(6).
-3
Let h(m) be the first derivative of 3 + 0 - 3 + 3 - m**2 + 2*m. What is h(4)?
-6
Let r = -6 + 4. Let b be -2 + r + 4 + -5. Let o(x) be the third derivative of x**4/12 + x**3/3 + 2*x**2. Determine o(b).
-8
Let u(q) = -q**2 - q + 1. Let p be u(3). Let n = 10 + p. Let f(y) = y**3 + y**2. Give f(n).
0
Let v(o) = -7*o**2 + 2*o + 4. Let i(n) = 7*n**2 - 2*n - 3. Let x(q) = -3*i(q) - 2*v(q). Let p be 5/(-30) - (-61)/6. Let w be 4/p + 49/(-35). What is x(w)?
-8
Let x(t) = t**3 + t + 1. Let q(g) = 5*g**3 + 5*g**2 + 4*g + 1. Let u(m) = q(m) - 4*x(m). Calculate u(-5).
-3
Let k(g) be the third derivative of -g**4/24 - g**3/2 + g**2. Suppose 0 = -4*i - 4*v + 6 - 38, 3*i = 3*v + 6. Give k(i).
0
Let u be 2/6 + (-144)/27. Let w(v) be the first derivative of -v**3/3 - 5*v**2/2 + v - 1. Calculate w(u).
1
Suppose -2*k - 4*h = 16 + 4, -20 = -3*k + 4*h. Let g(j) = k*j - j**2 + 6*j + 4 - j. Determine g(5).
4
Suppose 0*l + 4*l + 8 = 0. Let w(k) = 3*k. What is w(l)?
-6
Let a = -13 - -11. Let n(u) = 3*u**2 - 5*u - 3. Let w(d) = -1. Let f(t) = n(t) + 2*w(t). Let z(m) = -4*m**2 + 6*m + 5. Let r(j) = a*z(j) - 3*f(j). What is r(5)?
-5
Let o(n) = 0 - 1 - n + 5. Suppose -4*r + r = -39. Let y = 17 - r. What is o(y)?
0
Let h(m) = -m**2 - 5*m - 2. Let v be h(-3). Let a(f) = -5*f - 5*f - 1 + v*f. Suppose -5 = -7*i + 2*i. Determine a(i).
-7
Let s = 23 - 26. Let r(o) = -2*o**2 - 3*o + 2. What is r(s)?
-7
Suppose -5*m = 4*g + 1, -2*g + 10 - 3 = m. Let o(a) = -2*a - 5. Determine o(g).
-17
Let y(r) = 4*r**3 - 5*r**2 + 3*r - 7. Let v(k) = -k**3 + 5*k**2 + k + 6 - 2*k**3 - k - 3*k. Let j(t) = 3*v(t) + 2*y(t). Determine j(4).
8
Let t(v) be the third derivative of -v**4/24 - 5*v**3/6 + 8*v**2. Determine t(0).
-5
Suppose 0 = 2*q - 5*q + 42. Suppose -q + 39 = -5*p. Let f(z) = -z**2 - z + 3. Let w(b) = -b**2 - 2*b + 3. Let n(c) = -3*f(c) + 4*w(c). What is n(p)?
3
Let k(x) = -11*x**3 - x**2 + x + 1. Suppose i = 2*i + 1. Determine k(i).
10
Let m(o) be the first derivative of o**2/2 - 8*o - 1. Let b = 2 + 1. Let c be (-2)/(-4)*16 - b. What is m(c)?
-3
Let b(a) = a**3 - 2*a**2 - a + 1. Let z(l) be the second derivative of -l**3/2 + l**2/2 + 4*l. Let d be z(3). Let q = d + 10. Calculate b(q).
-1
Let n(m) be the first derivative of m**2/2 + 4*m - 3. What is n(-6)?
-2
Suppose 5*a - 33 = -g, -2*a - 3*g = 2*a - 22. Let w(o) = 2*o - a - 9 + 13 - 6. Calculate w(6).
3
Let j = -1 + -3. Let u(p) = -p - 4. What is u(j)?
0
Let w(q) be the first derivative of 1/2*q**2 + 2 - 3*q. Let g(v) = -v**3 + 9*v**2 - 6*v - 11. Let c be g(8). Give w(c).
2
Let h(z) = 2*z**2 + 4*z - 1. Let y(n) = 3*n**2 + 4*n - 1. Let m(c) = 4*h(c) - 3*y(c). Determine m(4).
-1
Let t(u) = 4*u - 5. Let k(w) = -2*w + 1. Let y(m) = -3*k(m) - t(m). Let o be 4/6 - 34/6. What is y(o)?
-8
Let x = 1 - 2. Let h(s) = 4*s**2. What is h(x)?
4
Let y(w) = w - 2. Suppose -p + 3 - 1 = 0. Let s be y(p). Let v(g) be the third derivative of g**4/24 - g**3/3 - g**2. Determine v(s).
-2
Let b(o) = -o. Let k(n) = 5*n + 4. Let w(u) = 4*b(u) + k(u). Determine w(-7).
-3
Let s be 4/6*-3 + 4. Suppose 0 = -l - 0 - s. Let n(r) = 8*r - 3. Let c(d) = 17*d - 7. Let h(y) = -2*c(y) + 5*n(y). Give h(l).
-13
Suppose -13 = -c + 1. Let x = 10 - c. Let a(w) = w - 1. Determine a(x).
-5
Let l = -1 + -2. Let c(q) be the second derivative of -q**5/20 - 5*q**4/12 - q**3/2 + 3*q**2/2 - 9*q. Calculate c(l).
-6
Let m(x) = -x - 4 + 0 + 0. Suppose -7*n + 0*n = 0. Calculate m(n).
-4
Let s(u) = 1. Let f(g) = -g - 8. Let d(y) = -f(y) - 6*s(y). What is d(-3)?
-1
Suppose -c = -2*s + 9, -c + 2*s - 12 = -3*c. Suppose b = 3 - c. Let h(z) = -3*z + z**2 - 3*z**2 + 4*z**2 - z**3. What is h(b)?
-6
Let g(j) = j**2 - 5*j - 5. Suppose 4*t + 11 = 3*a, 16 = 4*a + t - 5*t. Suppose 5*w = 4*w + a. What is g(w)?
-5
Suppose 4*u + 13 = -3*p, 3*u - 4*u - 3*p = -8. Let y(d) = -d**3 - 7*d**2 + d + 5. What is y(u)?
-2
Let l(h) = 2*h**2 - 2. Let d = -7 - -4. Let u be l(d). Let g = u - 11. Let v(k) = k**3 - 6*k**2 + 5*k + 3. Calculate v(g).
3
Let b(r) = 10*r + 1. Let l be 1*(-2)/(-2)*5. Suppose -4*g - l*z - 12 = -6*g, z = g - 3. What is b(g)?
11
Let x(h) = 10*h**3 + 8*h**2 - 9*h**3 + 2 - 6 + 3*h. Calculate x(-7).
24
Let d(a) = -a + 0*a + 32 - 33. Calculate d(5).
-6
Let x(r) = -2*r**3 + r**2 + 2*r. Let d be (-5)/(-20) + 2/(-8). Let i(c) = c**2 + c. Let p be i(d). Suppose p = b + b - 4. What is x(b)?
-8
Let p(f) = f - 2. Let y = -7 - -4. Suppose 19 = -3*m + 1. Let s be 2/(m/y + -3). What is p(s)?
-4
Let k(h) = 1. Let l(r) = -7*r**2 + r + 4. Let n(d) = -3*k(d) + l(d). Give n(-1).
-7
Let j(u) = -u + 1. Let v(q) = -2*q**2 - 4*q - 1. Let s be v(-3). Let i(b) = b**2 + 8*b + 9. Let y be i(s). Calculate j(y).
-1
Let f be 2/(-5) - (-608)/20. Suppose -2*g + f = g + 3*w, g = 4*w + 5. Let s(a) = 0*a**3 - a + g + 2*a - a**3. Calculate s(0).
9
Let d(h) be the third derivative of h**8/10080 + h**7/1680 - h**6/180 + h**5/30 + 2*h**2. Let w(c) be the third derivative of d(c). Determine w(-3).
5
Suppose 9 = 5*g - 1. Let r(q) be the second derivative of 2*q - 1/6*q**3 + 0 - 1/6*q**4 + 1/2*q**g. Calculate r(1).
-2
Suppose 5*s + 0*o - 4*o = 15, 0 = 4*o. Suppose 6 = s*x - 3. Let a(p) = 3*p + 1. Let v(k) = 2*k. Let u(d) = 3*a(d) - 5*v(d). Determine u(x).
0
Let w(b) = -7*b**2 + 5 - 3*b**3 - 4*b**2 + 2*b**3. Let m be w(-11). Let g(t) = -t**2 + 4*t + 3. Give g(m).
-2
Let o(u) be the third derivative of -u**6/120 - u**5/10 + u**4/24 + 4*u**3/3 - 3*u**2. Let c be o(-6). Let j(y) = -2*y**2 + 2*y + 3*y**c + 0*y. Calculate j(-3).
3
Let a(d) be the first derivative of d**5/20 - d**4/12 - 2*d**3/3 + d**2/2 + d + 1. Let t(i) be the first derivative of a(i). Determine t(3).
7
Let d = 9 + -7. Let q(r) = r - d*r - 4 - 3 + 2*r. Calculate q(0).
-7
Let k(n) be the second derivative of -n**5/20 + 5*n**4/12 + 25*n. Determine k(5).
0
Let o(d) = -d. Let c(p) = 8*p**3 - p**2. Let r be c(1). Let q = r - 5. Suppose -5*v + 5*n = 5, q*v - 24 = -2*v - 3*n. Give o(v).
-3
Let p(y) = -1 - 1 - y**2 + 0*y**2. Let b be 1/2 + 9/6. Determine p(b).
-6
Let y be (6/7)/((-4)/(-28)). Let o be y/21 + 24/14. Let v(m) = -5*m - 6 + 4*m + 2*m + m**o + m. Determine v(-5).
9
Let f(z) = z**2 + 9*z - 6. Suppose 4 - 36 = 4*m. Determine f(m).
-14
Let n(c) be the third derivative of -c**5/60 - c**4/4 - c**3 + 22*c**2. Let p(q) = -q**3 + 7*q**2 - 8*q + 8. Let f be p(6). What is n(f)?
2
Suppose -2*u + 60 = 2*u. Suppose 5*j = 5*l + u, 2 = 3*l - 1. Let g(d) be the third derivative of -d**6/120 + d**5/12 - d**4/8 - 5*d**3/6 + d**2. What is g(j)?
-1
Let c(p) = -4*p + 3. Let d(l) = 2. Let u(n) = c(n) - 5*d(n). Calculate u(-6).
17
Let u(g) = g**3 - 6*g**2 + 6*g + 5. Let c(y) = -10*y**3 + 2*y + 1. Let j be c(-1). Let l be 1 - -2 - (j - 16). Suppose -3*